-12022201120
What is -102353400 (base 6) in base 13?
-4b1b9c
What is 2622785 (base 9) in base 7?
15114044
548ab (base 13) to base 6
3140422
What is 13230065 (base 7) in base 11?
761686
Convert -1ac28 (base 15) to base 9.
-142442
What is 79515 (base 14) in base 10?
294607
1011000100001111 (base 2) to base 7
246102
-311130110223 (base 4) to base 5
-12041302033
Convert 3713505 (base 8) to base 16.
f9745
What is a0249 (base 11) in base 9?
243215
26d24 (base 16) to base 5
20042022
Convert 54122 (base 12) to base 2.
11011000010101010
Convert -40043533 (base 6) to base 15.
-17386c
1331023113 (base 4) to base 2
1111101001011010111
What is -576993 (base 12) in base 3?
-2122011221010
What is 10101101101010001100 (base 2) in base 13?
1bb9c0
What is -80537 (base 9) in base 5?
-3143202
8612a5 (base 16) to base 3
121112101221112
Convert 101111110000001111000 (base 2) to base 7.
16205035
What is -573107 (base 11) in base 10?
-911863
Convert 37110 (base 15) to base 8.
527174
What is 20222331100 (base 4) in base 5?
1040214404
Convert -1403003244 (base 5) to base 8.
-15456705
What is -764e88 (base 15) in base 6?
-320445145
Convert 4140 (base 8) to base 5.
32034
-136306 (base 7) to base 4
-12121231
-1869ba2 (base 12) to base 9
-10561005
-18c6e (base 16) to base 3
-12011012202
What is 40133422 (base 7) in base 12?
1140b67
What is -11101000110011101 (base 2) in base 11?
-81611
What is 1c1adc (base 15) in base 8?
5171043
-71011 (base 10) to base 13
-26425
-7731238 (base 11) to base 2
-110011110001111010111101
Convert -11a8 (base 16) to base 12.
-2748
Convert 404132143 (base 5) to base 7.
16600025
Convert -1703ee (base 16) to base 2.
-101110000001111101110
What is 1b9650 (base 12) in base 4?
1320131130
What is 446550 (base 10) in base 4?
1231001112
What is -55d3 (base 15) in base 10?
-18198
What is -66d4d (base 15) in base 11?
-203751
What is -846146 (base 11) in base 15?
-1bb7be
What is 4424232 (base 5) in base 3?
10220101002
What is -58547 (base 9) in base 10?
-39085
-28883a (base 12) to base 6
-22313314
What is -1011111101101111001100 (base 2) in base 11?
-1852518
What is 2c9604 (base 14) in base 6?
53253512
What is -111010111101101101 (base 2) in base 8?
-727555
Convert 4321000 (base 5) to base 10.
73250
Convert 100001001000001111010101 (base 2) to base 6.
510050005
Convert -3302441 (base 5) to base 10.
-56621
6544896 (base 10) to base 11
3770306
What is 12121102010 (base 3) in base 13?
3b319
-780e5 (base 15) to base 16
-5d296
What is 52411 (base 9) in base 6?
424101
What is -10a673 (base 14) in base 8?
-2122415
What is 211433 (base 13) in base 15?
104542
100111101101010100001 (base 2) to base 4
10331222201
Convert 1982b12 (base 14) to base 2.
110000011000111010001100
Convert -3067 (base 16) to base 13.
-5842
10202505 (base 8) to base 3
11001221111112
-125286 (base 9) to base 13
-28806
What is -7f44e6 (base 16) in base 13?
-1960541
Convert 100220202202 (base 3) to base 4.
233222003
-1656410 (base 8) to base 3
-220111221220
Convert -1a71951 (base 12) to base 15.
-760e11
Convert 414a8 (base 16) to base 4.
1001102220
-190c645 (base 13) to base 2
-11111010000111100101001
Convert 776cc (base 16) to base 9.
825005
What is b50233 (base 15) in base 8?
40652034
What is 5479779 (base 10) in base 6?
313241203
178741 (base 9) to base 4
123030310
Convert -4005 (base 11) to base 16.
-14d1
b3e0 (base 15) to base 2
1001010001111010
What is -53272 (base 12) in base 2?
-11010101010110110
7656654 (base 10) to base 15
a13989
Convert -2432300 (base 6) to base 9.
-215660
Convert 17c9e6 (base 15) to base 7.
12554460
-31729 (base 11) to base 9
-70247
Convert -100122110002 (base 3) to base 2.
-101110010110101010
2022012120 (base 3) to base 5
2422343
What is -1007454 (base 11) in base 6?
-102103153
Convert -614692 (base 10) to base 12.
-257884
238148 (base 9) to base 13
5056a
Convert -224400335 (base 6) to base 4.
-33302000003
4977561 (base 10) to base 8
22771631
What is 323140220 (base 5) in base 9?
2533844
Convert 133100332 (base 5) to base 14.
13804c
-3010220121 (base 4) to base 3
-1111220210200
-1644027 (base 13) to base 2
-11011011000010110100000
Convert -1567395 (base 11) to base 14.
-4d891c
What is 1303310331 (base 4) in base 14?
c4c7b
Convert -aaba75 (base 12) to base 13.
-74143a
What is 130a6a (base 12) in base 7?
2441155
Convert 7c171 (base 16) to base 15.
a08ed
8311 (base 13) to base 11
12662
What is -112003132 (base 4) in base 12?
-4433a
What is 1560d (base 15) in base 9?
114414
Convert -27b08a (base 14) to base 15.
-1c257b
What is 1200124 (base 5) in base 3?
1010001122
-6c808 (base 13) to base 8
-604662
What is 1889a8 (base 11) in base 16?
46cf2
Convert 100011111111110 (base 2) to base 8.
43776
-101101001111001011 (base 2) to base 8
-551713
-42c060 (base 16) to base 3
-22020020212010
-10302011 (base 5) to base 10
-87756
What is 6626381 (base 9) in base 3?
20200220102201
-13535763 (base 8) to base 12
-103852b
Convert -11011000110001111001010 (base 2) to base 12.
-246694a
What is -688434 (base 10) in base 9?
-1258316
-8c3bc8 (base 14) to base 10
-4774148
Convert 11110101110010101010100 (base 2) to base 10.
8054100
Convert -103525043 (base 6) to base 9.
-3447360
What is -242089 (base 12) in base 3?
-1002200022220
What is -a213b9 (base 13) in base 16?
-3991ec
-1224140403 (base 5) to base 8
-13223005
What is 25948 (base 15) in base 13?
42947
Convert 43262635 (base 7) to base 6.
211115441
413433 (base 6) to base 4
20012331
What is -1123565 (base 8) in base 10?
-305013
Convert 5275212 (base 8) to base 13.
3a391c
Convert -b36017 (base 14) to base 12.
-2037a71
Convert 1876812 (base 13) to base 10.
8011629
Convert 20000011 (base 4) to base 13.
11bc0
What is 130148 (base 12) in base 4?
1023333020
What is -66515 (base 14) in base 11?
-15a328
What is -101878 (base 10) in base 15?
-202bd
Convert 3132303 (base 5) to base 12.
26263
What is 101101111 (base 4) in base 9?
117031
Convert -66048 (base 12) to base 5.
-13303330
-569180 (base 12) to base 14
-280716
-4a440 (base 13) to base 10
-136942
Convert 5415033 (base 11) to base 14.
139c869
-62552565 (base 7) to base 14
-9b3bdc
What is -45695 (base 11) in base 6?
-1225441
16bcac1 (base 14) to base 2
101010110001110100100001
-16232 (base 15) to base 9
-117812
125780 (base 10) to base 15
27405
What is 212323120130 (base 4) in base 3?
201012110012212
1097e97 (base 15) to base 5
11014420132
Convert -305985 (base 13) to base 2.
-100010011000001011110
What is 20220 (base 6) in base 3?
10200010
Convert -203323030210 (base 4) to base 10.
-9417508
5b536 (base 12) to base 4
132020322
-312310002 (base 4) to base 14
-5bb6a
11011110000011 (base 2) to base 3
201111100
What is 102333221 (base 5) in base 8?
1516631
Convert 1223222303 (base 4) to base 9.
741852
Convert -10011001100001101110111 (base 2) to base 3.
-100110120221000
What is 11010210222 (base 3) in base 10?
81512
ca500 (base 15) to base 14
12a15d
Convert 262abb6 (base 12) to base 13.
1736427
-a013c1 (base 13) to base 9
-6883086
Convert -1727677 (base 12) to base 16.
-48f8fb
Convert -1020100212121 (base 3) to base 14.
-13149b
Convert -90057 (base 15) to base 12.
-19b877
1100001010111100 (base 2) to base 9
75341
-101445135 (base 6) to base 15
-24c89e
-35133011 (base 8) to base 3
-112101121011001
Convert -a1ac0 (base 14) to base 13.
-1080c7
What is -11343311041 (base 5) in base 3?
-220221200111112
Convert -87514 (base 10) to base 9.
-143037
Convert 306730 (base 8) to base 13.
37486
-167061 (base 10) to base 11
-104574
What is 40577 (base 14) in base 6?
3152233
176214 (base 9) to base 12
53471
Convert 9b64 (base 14) to base 10.
26940
Convert 1675871 (base 13) to base 8.
33561153
3b0240 (base 12) to base 5
222144203
Convert -175252 (base 8) to base 15.
-14030
-46d2b (base 14) to base 11
-108844
Convert 22440220 (base 5) to base 6.
4201440
What is 6536c (base 14) in base 10?
244900
Convert -84067 (base 10) to base 7.
-500044
Convert 442123 (base 5) to base 10.
15288
-451424 (base 6) to base 12
-19b74
What is 11323112010 (base 4) in base 16?
17b584
Convert -642551 (base 11) to base 16.
-fb061
-2125a5b (base 14) to base 2
-111011110110011100010001
27a30c (base 13) to base 16
eb98a
What is 266c7 (base 13) in base 8?
213471
What is 117711 (base 12) in base 16?
4503d
What is 610204 (base 13) in base 9?
